lculate the remainder when a is divided by 11.
10
Suppose -u + 8 = -7. Calculate the remainder when u is divided by 6.
3
Suppose 0 = 4*j + 357 - 973. Calculate the remainder when j is divided by 39.
37
Let r(q) be the second derivative of -q**4/12 + q**3/6 + 13*q**2/2 - q. Suppose 0*f = 4*f. Calculate the remainder when 24 is divided by r(f).
11
Let k = -56 + 84. Suppose k = -4*t + 6*t. Calculate the remainder when t is divided by 5.
4
Suppose 3*d + 138 = 5*z + 7*d, 4*z - d - 123 = 0. Calculate the remainder when 57 is divided by z.
27
Suppose y - 4*d - 23 = 7, 4*y + d - 69 = 0. What is the remainder when 178 is divided by y?
16
Let f(g) = 3*g + 4*g - g - 3*g + 4. What is the remainder when f(7) is divided by 9?
7
Let c = 14 + -6. Let p(k) = 2*k**2 + 4*k - 2. Let v = -9 - -5. Calculate the remainder when p(v) is divided by c.
6
Let g(y) = y + 1. Let d(t) = t - 7. Let u(j) = d(j) + 6*g(j). What is the remainder when 36 is divided by u(2)?
10
Let o = -13 - -29. Calculate the remainder when 77 is divided by o.
13
Let h be 0/(-2)*(-4 - -3). Suppose f + f - 6 = h. Suppose -f = y - 10. What is the remainder when 19 is divided by y?
5
Let c be (-4)/6*(-15)/2. Suppose c*n + 14 = 7*n. What is the remainder when 11 is divided by n?
4
Let d = -4 - -8. Suppose -o = -d - 1. What is the remainder when o is divided by 3?
2
Let c = -1 + 8. Calculate the remainder when 26 is divided by c.
5
Let p(h) = -1 + 1 - h**3 - h + 8 + 6*h**2. Let i be p(6). Suppose 2*j = -i*j + 60. Calculate the remainder when j is divided by 8.
7
Suppose 0 = r - 2*r + 5. Suppose r*n - 2*n - 30 = 0. What is the remainder when 18 is divided by n?
8
Let o(g) = -g**2 - 15*g - 12. Calculate the remainder when 4 is divided by o(-14).
0
Let z = -196 - -333. Suppose 0 = 5*t + 4*k - 231, 6*t - 3*t + 4*k = z. Let a(s) = s**2 + 7*s + 8. What is the remainder when t is divided by a(-8)?
15
Let q(z) = z**3 + 8*z**2 - 10*z - 13. Let c be q(-9). Calculate the remainder when 23 is divided by 924/78 - c/26.
11
Suppose 3*r + 3*y = 132, 2*y - 140 = -3*r + 7*y. Calculate the remainder when r is divided by 12.
9
Let k(s) = -s**2 + 12*s + 5. Let m be k(12). Suppose -4*v = -5*w - 32, 2*w + m = 4*v - 15. What is the remainder when 16 is divided by 27*(24/(-9) + v)?
7
Suppose -5*f = 4*p - 255, -2*p = p + f - 205. Calculate the remainder when p is divided by 38.
32
Let k be (-2)/6*465/(-5). Calculate the remainder when k/((3 - 3) + 1) is divided by 22/4*(0 - -2).
9
What is the remainder when 8/16*436/(0 - -1) is divided by 10?
8
Suppose 0*m - 2*m + 34 = 0. Let o = m - 9. What is the remainder when 22 is divided by o?
6
Let q be 1/(-3) - (-96)/18. Suppose 5*o + 9*h - 4*h + 90 = 0, -4*o + q*h - 72 = 0. Let c = o + 51. Calculate the remainder when c is divided by 12.
9
Let g = -77 - -124. What is the remainder when g is divided by 10?
7
Let f be (-3236)/(-18) + 32/144. Suppose 0 = 6*u - 8*u + f. Calculate the remainder when u is divided by 13.
12
Let s(v) = v + 7. Let c be s(-7). Suppose 0 = -2*q - c*q + 26. What is the remainder when q is divided by 7?
6
Suppose -12 + 2 = -2*i, -3*v - 5*i + 100 = 0. Calculate the remainder when 98 is divided by v.
23
Let u be 24/(-4)*(-5)/3. What is the remainder when 15 is divided by 4/u*(8 + 2)?
3
Calculate the remainder when ((-12)/(-8) + -1)*10 is divided by 3.
2
Suppose 0 = d - t - 64, -3*t - 46 + 126 = d. What is the remainder when d is divided by 18?
14
Let w(q) = q + 8. Let s be w(-11). What is the remainder when s/3*1*-65 is divided by 17?
14
Suppose 3*m = 4 + 5. What is the remainder when 8 is divided by m?
2
Let i(n) = -n**2 + 6*n - 2. Calculate the remainder when i(5) is divided by 2.
1
Suppose o - 15 - 40 = 0. Let g = o - 35. What is the remainder when 39 is divided by g?
19
What is the remainder when 134/4 - 3/(-6) is divided by 18?
16
Suppose 3*z + 5*q = 35, 5*q - 2*q - 2 = 2*z. What is the remainder when 28 is divided by z?
3
Let g be 4/1 + 5/5. Suppose g*z - 3*y + 12 = 0, 5*z + 6 + 2 = 2*y. Suppose -4*f + 3*x + 1 = 4, x - 5 = z. Calculate the remainder when 7 is divided by f.
1
Suppose 3 = -c - 4*x - 0, -x - 43 = -3*c. Calculate the remainder when 50 is divided by c.
11
Suppose 10*n = 3 + 117. Calculate the remainder when n is divided by 5.
2
Suppose -4*v + 1 = -3*k, -3*v + 0*k = 4*k - 7. What is the remainder when 27 is divided by -10*(0 - v)*1?
7
Let x(c) = -c**2 + 11*c - 9. Let i = 6 + -8. Calculate the remainder when 2 + 5/i*-14 is divided by x(7).
18
Let d(r) = r**2 + r - 2. What is the remainder when d(-11) is divided by 14?
10
Let u(y) be the second derivative of y**5/20 + y**3/2 - 3*y**2/2 + 5*y. Let s be u(2). Suppose -s = -5*x - 1. Calculate the remainder when 2 is divided by x.
0
Suppose -x + 3*x + 46 = 0. Let c = x - -38. Calculate the remainder when 43 is divided by c.
13
Let k(n) = -n**3 - 9*n**2 - 9*n - 7. Let i be k(-8). Suppose 33 = 2*p + i. What is the remainder when 31 is divided by p?
15
Let d be 3 - (-5)/(20/348). Calculate the remainder when 33 is divided by 4/(-18) - (-1640)/d.
15
Suppose -w = -32 - 98. Calculate the remainder when w is divided by 22.
20
Suppose 8*m + 5*n = 3*m + 65, 34 = 2*m + 4*n. What is the remainder when 15 is divided by m?
6
Let y = -44 + 79. Suppose 0 = 4*k - 0*k - 24. Let x(v) = -v**2 + 7*v + 6. Calculate the remainder when y is divided by x(k).
11
Let r = -50 - -72. What is the remainder when (-45)/6*130/(-15) is divided by r?
21
Let f = 73 + -35. Let d = 10 - -3. Calculate the remainder when f is divided by d.
12
Calculate the remainder when 1204/10 + (-12)/(-20) is divided by 31.
28
Let c be 0*(1 + -3 + 1). Suppose c = -4*x + 2*x + 14. Calculate the remainder when 18 is divided by x.
4
Suppose 2 = 4*f - 14. Let v(c) = -3*c - 7. Let t be v(-6). Let j = 14 - t. What is the remainder when f is divided by j?
1
Suppose -5*g + 3 = -77. Let d be ((-3)/(-2))/((-3)/16). Let b(a) = -6*a - 2. Calculate the remainder when b(d) is divided by g.
14
Let h(i) = -i - 1. Calculate the remainder when 23 is divided by h(-9).
7
Suppose 3*h - 106 = 2*h. Suppose 4*c - h = 30. What is the remainder when c is divided by 9?
7
Suppose 3*b = b + i + 1, i - 9 = -3*b. What is the remainder when 3 is divided by b?
1
Let g(b) = b**2 - b - 3. Suppose 5*i - 17 = 3*q, 4*i + 5*q - 13 = 2*i. Let y be g(i). Let s = 6 + y. What is the remainder when 28 is divided by s?
13
Let g(r) = -9*r**2 - 3*r - 1. Let s be g(-2). Let z = 61 + s. Calculate the remainder when z is divided by 8.
6
Let i = 81 - 48. Calculate the remainder when i is divided by 12.
9
Suppose -84 = -4*f - 3*c, -20 = -2*f - c + 5*c. Let v = -2 + -9. Let y = -1 - v. What is the remainder when f is divided by y?
8
Suppose 96 = 4*o - 4*v, -136 = -5*o + v - 0*v. Let s = -14 + o. Calculate the remainder when s is divided by 4.
2
Let y(g) = -g**2 - g + 24. Let h(v) = v**3 + 9*v**2 + 7*v - 8. Let z be h(-8). Calculate the remainder when 46 is divided by y(z).
22
Let v(k) = 2*k + 14. Calculate the remainder when 67 is divided by v(10).
33
Suppose -24 = 3*c + 18. Let a = c - -34. Calculate the remainder when a is divided by 306/42 + 2/(-7).
6
Let v(l) = 8*l + 66. Calculate the remainder when v(9) is divided by 47.
44
Calculate the remainder when 80 - (-3 - (-2)/(-2)) is divided by 22.
18
Let c be -5*3*1/(-3). Suppose 27 + c = 4*a. What is the remainder when a is divided by 5?
3
Let n = 0 - 6. What is the remainder when 3*n/45*-35 is divided by 5?
4
Let j(o) = o**3 + 6*o**2 + 6*o - 4. Let b be j(-5). Let i(u) = -u**2 - 12*u - 13. Calculate the remainder when i(b) is divided by -3 - (-2 - -1)*11.
6
Let b be (-234)/(-2 - (-1)/2). Suppose 3*r = 6*r - b. What is the remainder when r is divided by 18?
16
Let p(h) = -11*h + 31. Calculate the remainder when p(-6) is divided by 52.
45
Let h(m) = m**2 + 5*m - 8. Let p be h(-7). Suppose -2*d + 38 = p. Suppose 3*n - 49 = -4*t + 57, -132 = -4*n - 3*t. What is the remainder when n is divided by d?
14
Let x(i) = -i + 5 + 7*i - i**2 + i. Suppose 7 + 48 = 2*n - 5*b, 0 = -n + 3*b + 29. Calculate the remainder when n is divided by x(6).
9
Suppose -2*t + 5*h + 372 - 45 = 0, 3*h = -t + 180. Calculate the remainder when t is divided by 43.
42
Let k = 36 - 11. Suppose -34 = -4*j + 22. Calculate the remainder when k is divided by j.
11
Let l(d) = 2*d**3 - 6*d**2. Wh